20)*5 + -9.
1
Suppose 0 = 16*u - 15019 + 3451. What is the remainder when u is divided by 715?
8
Let n(i) = -i**3 + 2*i**2 + i + 78. What is the remainder when 298 is divided by n(0)?
64
Let p = 19167 + -9493. Calculate the remainder when p is divided by 215.
214
Let b(l) = 2*l**2 + 2*l - 6. Let j be b(-3). Suppose 0*w + 66 = j*w. Let h(x) = -x**2 - 7*x - 7. Calculate the remainder when w is divided by h(-5).
2
Let b be (41/(-123))/(1/(-2499)). Calculate the remainder when (b/68)/(-2*3/(-48)) is divided by 28.
14
Suppose v = -h - 0*h + 12, -5*v + 15 = 0. Suppose 63*c - 2005300 + 2003599 = 0. What is the remainder when c is divided by h?
0
Suppose -5*v - 17229 = -17*v + 915. Calculate the remainder when v is divided by 90.
72
Let u be ((-9)/3)/(18/24) + 359. Let v = u + -331. What is the remainder when 85 is divided by v?
13
Suppose -5*s = -4*a - 37, 3 = s - 0*a - 3*a. Let o be (-11)/3 + 6/s. Calculate the remainder when 34 is divided by 0 - (o + (-3)/1).
4
Let x(r) = -3 + 8*r**2 - 3*r**2 + 9*r + 1 - 13*r**2 + r**3. Calculate the remainder when x(9) is divided by 12.
4
Suppose 95 = -3*a + 6*a + 2*o, -4*o + 103 = 3*a. Calculate the remainder when (-100 - -1)/(-3)*(491 + -489) is divided by a.
8
Suppose -y + a + 107 = 0, -185*y + 2*a = -189*y + 398. Calculate the remainder when 506 is divided by y.
98
Let g(r) = 5*r**2 + 128*r - 46. Calculate the remainder when g(-28) is divided by 141.
8
Let z(u) = 2*u**2 + 25*u - 93. Let k be z(17). Suppose -k - 192 = -19*j. Calculate the remainder when j is divided by 3.
1
What is the remainder when 27/36*(-1 + (-162050)/(-42)) is divided by 42?
37
Suppose 0 = 41*h - 142*h + 6969. What is the remainder when 720 is divided by h?
30
Let b(c) = -6*c + 24. What is the remainder when 100 is divided by b(2)?
4
Let s = -10390 + 10686. Calculate the remainder when s is divided by 95.
11
Suppose 96 - 14 = 2*j. Suppose 5*v + 2*t = 130 + 277, 3*t = -2*v + 187. Calculate the remainder when v is divided by j.
36
Let r = 4560 + -4400. What is the remainder when r is divided by 81?
79
Suppose -27*t = 38*t - 1365. Calculate the remainder when 38 is divided by t.
17
Suppose -3*o + 4 = 4*j + 20, -2*o - 2*j = 12. What is the remainder when 19 is divided by (420/112)/((-6)/o)?
4
Let p = -3 + 3. Suppose -s + 146 = -4*n + n, p = 4*s - 2*n - 594. Let y = 15538 - 15519. Calculate the remainder when s is divided by y.
16
Let x(j) = -10 + 75 - 34 + 14*j + 0*j. Calculate the remainder when x(7) is divided by 12.
9
Suppose -5*x - 315 = -9*d + 4*d, 0 = -5*d + 4*x + 314. Let g = 62 + -56. Calculate the remainder when d is divided by g.
2
Suppose 722 = 4*c - 3*p, 7*c - 543 = 4*c + 3*p. Suppose -18*t - 4*t + 396 = 0. What is the remainder when c is divided by t?
17
Let q = 4771 + -4755. Calculate the remainder when 5565 is divided by q.
13
Suppose j + 0 = 39. Let p(h) = -31*h - 233. Let k be p(-10). Suppose -k*s = -48*s - 145. Calculate the remainder when j is divided by s.
4
Let p = 27 + -24. What is the remainder when (-64)/10*(-33)/(-22)*-5 is divided by p?
0
Suppose -43 = 2*a - 55, -4*a + 728 = 2*b. What is the remainder when b is divided by 59?
57
Suppose 15*g = 11*g + 104. Calculate the remainder when 175/14*(-1 + 7) is divided by g.
23
Let l = 12765 - 12193. Calculate the remainder when l is divided by 26.
0
Let n = -23574 + 23764. Calculate the remainder when 409 is divided by n.
29
What is the remainder when 151 is divided by (2/4)/(6306/(-332) - -19)?
68
Let d = 49 + -45. Suppose 0 = d*v + 4*v - 48. Suppose -3*l + 51 = -t + 144, -5*t - l + 465 = 0. What is the remainder when t is divided by v?
3
Suppose 264 + 100 = 2*q. Let a(g) = -g**2 - 12*g - 19. Let c be a(-10). Calculate the remainder when q is divided by 43 + c/(-2)*-6.
44
Suppose -y + 161 = -3*l, 1148 = 5*y + 3*l + 307. What is the remainder when y is divided by 63?
41
What is the remainder when (1/(-11) + (-3904)/(-352))*25 + -2 is divided by 53?
8
Suppose 0 = -h + 2*y + 236, -398*h + 4*y = -395*h - 714. What is the remainder when 492 is divided by h?
8
Let i(j) = j**3 + 57*j**2 - 183*j - 175. What is the remainder when 2/10 - (-248)/10 is divided by i(-60)?
0
Suppose 147*t - 148*t + 8 = 0. Suppose -5*j + t + 17 = 0. Suppose 280 = 4*r + u, 0*r - 2*r + 140 = -j*u. What is the remainder when r is divided by 15?
10
Suppose 8*i + 15 = 11*i. Suppose -k + 2*k - i*d = -6, d = -2*k - 1. Calculate the remainder when 14 is divided by k/2*(-19 - -3).
6
Let p(x) = -27*x**2 - 210*x + 13. Calculate the remainder when 1306 is divided by p(-7).
26
What is the remainder when (-96 + 216)/(1/6) is divided by 360?
0
Suppose -48*q + 1510 + 22799 = 2613. Calculate the remainder when q is divided by 171.
110
What is the remainder when 4909 + (27 + -22 - (12 + 1)) is divided by 700?
1
Suppose 3*j = 13*l - 2725, -327*l = -323*l - 2*j - 832. What is the remainder when l is divided by 99?
13
Let d = 71 - 24. Suppose 3*r + 0*y - 271 = y, 0 = r + 3*y - 97. Calculate the remainder when r is divided by d.
44
Suppose -85 = -f + 2*h, -5*f + 150*h = 153*h - 360. Let w = 62 - 23. Calculate the remainder when f is divided by w.
36
Suppose 2*q - 112 = -12*q. Suppose 0 = -2*z + 2, -k + 3*z = -3 - q. What is the remainder when k is divided by 138/15 - (-2)/(-10)?
5
Let k(b) = -31*b - 9. What is the remainder when k(-7) is divided by (2 + -1)*7/7 + -1 + 15?
13
What is the remainder when ((-4)/6)/((-41587)/(-5943) - 7) is divided by 40?
3
Suppose 0 = 4*t - 4*o - 1132, -5*o = 1 - 11. Let a be 1341/(-13) - (-2)/13. Let k = a + t. Calculate the remainder when k is divided by 46.
44
Suppose -i = -5*a - 32, 3*i - 3*a = 7*i - 13. Suppose 222 = i*u - 37. Calculate the remainder when u is divided by 9.
1
Calculate the remainder when 9/6*40/(-150)*2905/(-2) is divided by 163.
92
Calculate the remainder when 419 is divided by (0 + 1)/((-395)/(-43450)).
89
Let m = -19 - 44. Let v be 6/(-5 - -2) + -16. Calculate the remainder when 167 is divided by (-68)/(-7)*m/v.
31
Let w(q) = -q**3 - 9*q**2 + 62*q - 78. Suppose 5*c - 110 = -15. Calculate the remainder when w(-14) is divided by c.
15
Suppose 4*x - 5*c = 440, -32*x = -31*x + 3*c - 110. Calculate the remainder when 121 is divided by x.
11
Let b = -1067 - -1311. Suppose 55 = 4*t + 3*c, 5*c - 57 = -0*t - 4*t. What is the remainder when b is divided by t?
10
Let d(s) = 11*s - 49. Let k(h) = -1. Let n(j) = d(j) - 4*k(j). Let w = 77 - 67. Calculate the remainder when n(w) is divided by 18.
11
Suppose 2*l - 5*w = 836, -1644 = 75*l - 79*l - 4*w. Calculate the remainder when l is divided by 175.
63
Let f(r) = -r**3 - 42*r**2 - 47*r - 161. Calculate the remainder when 111 is divided by f(-41).
26
Let u(j) = -j**3 + 63*j**2 - 76*j + 986. What is the remainder when 9321 is divided by u(62)?
117
Suppose -1327 + 2265 = 42*x - 3220. Calculate the remainder when 9303 is divided by x.
96
Let z = -415 - -729. Suppose -288*a = -z*a + 182. Suppose t = 2*b - 4*t - 37, -4*b + 99 = -5*t. What is the remainder when b is divided by a?
3
Calculate the remainder when 59 is divided by ((-336)/(-154))/((-2)/(-11)) + 5.
8
What is the remainder when (-10 - (-27 - -9)) + 301 is divided by 159?
150
Calculate the remainder when 315 is divided by 22/24 + 11/132 + 5.
3
Suppose 3054*z + 26620 = 3296*z. Calculate the remainder when z is divided by (-6)/(-21) - (-360)/14.
6
Suppose -94 = -2*a + 4*a. Let h = a + 75. What is the remainder when h is divided by 51/4*(2*13 - (-41810)/(-1695))?
11
Suppose 10 = -2*o, -2*o - 18 = s + 2*o. Suppose 3*g + 8 = -7, 5 = -s*y - 5*g. What is the remainder when 27 is divided by y?
7
Let y = -2275 + 2372. Calculate the remainder when 961 is divided by y.
88
Let k = -2475 - -2477. Let i = 86 + -71. Calculate the remainder when i is divided by k.
1
Suppose 2*g = 4*a - 920, 436 = -15*a + 17*a + 5*g. Calculate the remainder when a is divided by 125.
103
Let z(l) = -14*l - 1224. Calculate the remainder when z(-93) is divided by 20.
18
Suppose -33*y = 62*y - 190. Calculate the remainder when 40 is divided by y.
0
Let g(h) = -4*h**3 - 67*h**2 + 10*h + 37. Calculate the remainder when 313 is divided by g(-17).
1
Suppose -3*n + 3*v + 8 = -7, -5*n - 5 = 5*v. Suppose j - 5*b + 4 + 6 = 0, 3*j = n*b - 56. Let y = j + 47. What is the remainder when 107 is divided by y?
26
Suppose -526 = -12